What is 659 (base 12) in base 11?
779
Convert 1499 (base 14) to base 9.
5020
Convert 34406 (base 7) to base 15.
2902
What is 4555 (base 6) in base 8?
2067
4c87 (base 14) to base 12
7947
What is 13221 (base 4) in base 12?
349
-27a0 (base 12) to base 5
-121314
Convert -2413 (base 5) to base 6.
-1354
4106 (base 9) to base 16
bbb
What is -224421 (base 6) in base 10?
-19165
What is 612 (base 7) in base 13?
1a4
Convert 11121020 (base 3) to base 13.
16b0
Convert -2e1 (base 15) to base 7.
-1633
What is 7414 (base 10) in base 5?
214124
a9b (base 14) to base 10
2097
What is 400 (base 11) in base 8?
744
What is 16331 (base 7) in base 3?
20100102
Convert -577 (base 10) to base 9.
-711
Convert -111113 (base 4) to base 8.
-2527
Convert a2d5 (base 15) to base 12.
17aa8
32724 (base 8) to base 9
20811
Convert 10100110111110 (base 2) to base 12.
6226
Convert 11213 (base 5) to base 9.
1087
2406 (base 7) to base 8
1570
What is c772 (base 14) in base 13?
12872
What is -115d (base 15) in base 12?
-2174
Convert -879 (base 11) to base 8.
-2036
-75a3 (base 13) to base 2
-11111111100101
6706 (base 13) to base 12
8397
Convert 2632 (base 9) to base 6.
13045
What is -20437 (base 13) in base 4?
-32013310
-10111011100101 (base 2) to base 15
-3855
What is 654 (base 14) in base 15?
585
Convert -161 (base 10) to base 7.
-320
What is -432 (base 6) in base 10?
-164
30c (base 15) to base 11
575
What is 88268 (base 10) in base 11?
60354
What is -51165 (base 7) in base 11?
-9393
What is 510 (base 11) in base 7?
1540
Convert 10124 (base 5) to base 12.
474
What is -10010222 (base 3) in base 4?
-203312
What is 39a (base 11) in base 14?
25a
Convert -1000310 (base 5) to base 2.
-11110101011001
-307 (base 8) to base 2
-11000111
-1d4d (base 15) to base 12
-3831
a0a8 (base 11) to base 5
412203
What is -2d5d (base 16) in base 13?
-5394
What is 40040 (base 5) in base 7?
10230
Convert -5 (base 8) to base 16.
-5
-15101 (base 7) to base 8
-10106
Convert -106320 (base 7) to base 8.
-45122
What is -14238 (base 10) in base 4?
-3132132
Convert -1b8 (base 12) to base 7.
-554
Convert 1cc (base 14) to base 6.
1424
Convert 62e (base 15) to base 10.
1394
Convert -2234 (base 6) to base 16.
-20e
-1725 (base 8) to base 14
-501
What is -326 (base 11) in base 6?
-1451
What is -20005 (base 6) in base 12?
-1605
Convert -1240 (base 7) to base 4.
-13111
Convert 7244 (base 8) to base 9.
5124
-1444 (base 8) to base 7
-2226
What is -112a6 (base 12) in base 10?
-22878
What is 5335 (base 15) in base 9?
26125
Convert 1210011012 (base 3) to base 6.
430305
Convert 14020 (base 5) to base 10.
1135
What is -3472 (base 12) in base 7?
-23021
-11a32 (base 14) to base 16
-a89c
What is 49c (base 15) in base 16?
417
-1220002 (base 3) to base 6
-10215
Convert 6465 (base 9) to base 6.
34005
Convert -10010111010110011 (base 2) to base 7.
-441631
What is 323 (base 4) in base 6?
135
-4203 (base 10) to base 13
-1bb4
-507 (base 8) to base 13
-1c2
What is -470 (base 9) in base 3?
-112100
What is -33121 (base 4) in base 14?
-505
What is -2212 (base 5) in base 14?
-17d
4555 (base 6) to base 12
75b
What is -1 (base 10) in base 14?
-1
Convert -1003014 (base 5) to base 11.
-11034
Convert -49c2 (base 15) to base 12.
-910b
-97e6 (base 15) to base 4
-13312212
What is 60d4 (base 15) in base 6?
234401
2030 (base 6) to base 3
121200
725 (base 16) to base 7
5222
What is 10110100101010 (base 2) in base 16?
2d2a
What is -2741 (base 9) in base 2?
-100000001110
Convert 5e9 (base 15) to base 6.
10120
What is -401 (base 10) in base 9?
-485
What is 265 (base 7) in base 16?
91
What is -1114 (base 8) in base 10?
-588
-123433 (base 5) to base 12
-2998
1043310 (base 6) to base 2
1100110101111010
2101 (base 3) to base 10
64
What is abfc (base 16) in base 8?
125774
2821 (base 13) to base 3
21220211
What is -343 (base 10) in base 13?
-205
Convert 1055 (base 6) to base 4.
3323
What is 22112 (base 4) in base 13?
3bc
Convert 3471 (base 15) to base 14.
40b1
What is 7245 (base 8) in base 11?
28a9
What is -60a (base 16) in base 12?
-a8a
-935 (base 11) to base 14
-5a7
4a82 (base 11) to base 5
202444
31024 (base 5) to base 15
8e4
-ad8 (base 14) to base 3
-2221122
Convert -191 (base 16) to base 6.
-1505
120222 (base 3) to base 15
1db
-30243 (base 5) to base 15
-89d
-b9 (base 15) to base 12
-126
Convert 112331 (base 5) to base 10.
4091
Convert -12806 (base 10) to base 5.
-402211
What is 1011404 (base 5) in base 2?
100000001011111
What is -2002 (base 4) in base 3?
-11211
-67581 (base 9) to base 6
-544031
What is -6719 (base 11) in base 16?
-2295
Convert 628 (base 10) to base 5.
10003
Convert -10010000101111 (base 2) to base 3.
-110201002
Convert 257 (base 9) to base 6.
554
What is 134a (base 11) in base 13?
a46
Convert 10042 (base 6) to base 14.
6a6
What is 9814 (base 12) in base 15?
4e4a
Convert -186d (base 14) to base 16.
-1139
What is 2540 (base 11) in base 14?
12c7
3025 (base 7) to base 11
873
What is bd12 (base 15) in base 13?
15311
3440 (base 11) to base 7
16116
Convert 560 (base 10) to base 13.
341
173 (base 11) to base 9
243
What is 27c (base 16) in base 10?
636
Convert 3a6 (base 11) to base 10.
479
What is 404 (base 6) in base 3?
12111
-3716 (base 8) to base 5
-30443
What is -886 (base 14) in base 10?
-1686
-4413 (base 6) to base 10
-1017
702 (base 15) to base 16
629
Convert 31186 (base 10) to base 8.
74722
Convert 134533 (base 7) to base 13.
b8a2
-200011002 (base 3) to base 13
-603b
Convert 11011101110111 (base 2) to base 5.
423244
-2c17 (base 13) to base 10
-6442
417 (base 10) to base 16
1a1
What is -72a4 (base 12) in base 7?
-51316
-650b (base 12) to base 13
-508a
Convert -177320 (base 8) to base 12.
-31900
Convert 1706 (base 11) to base 7.
6240
What is 1000111100010101 (base 2) in base 12?
19245
Convert -5641 (base 7) to base 6.
-13234
Convert 16464 (base 7) to base 6.
33433
Convert bca (base 13) to base 3.
2210000
1500 (base 8) to base 12
594
12729 (base 10) to base 16
31b9
Convert 1133 (base 14) to base 7.
11463
Convert 18a56 (base 12) to base 14.
d202
Convert -45216 (base 8) to base 9.
-28156
Convert -72007 (base 8) to base 10.
-29703
What is 84a (base 12) in base 7?
3346
125121 (base 6) to base 2
10110011101001
What is 72 (base 13) in base 8?
135
Convert 1124 (base 7) to base 15.
1c5
What is -23100 (base 4) in base 2?
-1011010000
What is -101022 (base 3) in base 9?
-338
Convert 1146 (base 11) to base 14.
794
Convert -832 (base 9) to base 11.
-566
-1244 (base 14) to base 15
-e31
What is 30112 (base 4) in base 12?
55a
-1a626 (base 14) to base 13
-246ac
13433 (base 11) to base 13
8945
330 (base 14) to base 15
2c0
207 (base 12) to base 9
357
-4b9 (base 16) to base 10
-1209
What is -14141 (base 5) in base 8?
-2223
Convert 201 (base 9) to base 12.
117
What is 34 (base 9) in base 11?
29
Convert 2133 (base 5) to base 10.
293
What is 272c (base 15) in base 7?
33252
What is 468b (base 12) in base 6?
100255
Convert -2656 (base 13) to base 11.
-4131
-314034 (base 5) to base 3
-112102121
465e (base 15) to base 2
11101001011011
2211210212 (base 3) to base 7
322151
What is -85 (base 16) in base 15?
-8d
19a37 (base 11) to base 12
14166
What is 13122 (base 4) in base 9?
576
Convert -5020 (base 15) to base 9.
-25163
Convert 1215 (base 11) to base 5.
22324
What is -24775 (base 8) in base 13?
-4b7b
1bbb (base 12) to base 2
110101111111
Convert 4142223 (base 5) to base 2.
10000101101010110
Convert 67744 (base 8) to base 13.
10065
What is -93 (base 16) in base 3?
-12110
Convert -10200221 (base 3) to base 11.
-2033
-23b (base 13) to base 16
-184
What is -1010001111110100 (base 2) in base 14?
-11420
-15018 (base 10) to base 16
-3aaa
What is -1244 (base 8) in base 4?
-22210
110100011111010 (base 2) to base 14
9b18
What is 3244 (base 9) in base 10?
2389
What is -20571 (base 12) in base 15?
-c7d7
Convert -1136 (base 10) to base 6.
-5132
Convert 58e8 (base 16) to base 2.
101100011101000
Convert -209 (base 14) to base 9.
-485
What is 64a (base 11) in base 12?
550
-203010 (base 5) to base 6
-50410
-39 (base 15) to base 7
-105
What is -133110 (base 4) in base 9?
-2666
756 (base 13) to base 16
4e6
Convert 11915 (base 10) to base 15.
37e5
5795 (base 13) to base 4
3000002
What is -174 (base 14) in base 15?
-14d
Convert -201121200 (base 3) to base 7.
-56460
-16976 (base 10) to base 14
